{"id":506,"date":"2015-05-08T13:22:48","date_gmt":"2015-05-08T13:22:48","guid":{"rendered":"http:\/\/localhost\/wordpress\/renovate\/?page_id=4"},"modified":"2022-11-17T14:08:32","modified_gmt":"2022-11-17T13:08:32","slug":"home","status":"publish","type":"page","link":"https:\/\/webserver.corepixel.de\/wrage\/","title":{"rendered":"HOME"},"content":{"rendered":"<p>[vc_row type=&#8220;full-width&#8220; css=&#8220;.vc_custom_1458596262155{background-color: #009ee0 !important;}&#8220; el_class=&#8220;home-bg&#8220;][vc_column][vc_column_text el_class=&#8220;home-seit1949&#8243;]Seit 1949[\/vc_column_text][\/vc_column][\/vc_row][vc_row type=&#8220;full-width&#8220;][vc_column css=&#8220;.vc_custom_1454963097821{background-color: #ffffff !important;}&#8220;][\/vc_column][\/vc_row][vc_row type=&#8220;full-width&#8220; css=&#8220;.vc_custom_1454962521761{background-color: #f5f5f5 !important;}&#8220;][vc_column][vc_column_text css=&#8220;.vc_custom_1666638093798{padding-top: -10px !important;padding-bottom: 20px !important;}&#8220; el_class=&#8220;telefon_home&#8220;]Telefon: <a href=\"tel:+49(0)40812167\">040 812167<\/a>[\/vc_column_text][\/vc_column][\/vc_row][vc_row type=&#8220;full-width&#8220;][vc_column][vc_custom_heading text=&#8220;Ihr Dach-, Heizung- und Sanit\u00e4r-Profi aus Hamburg Rissen in 3. Generation &#8211; Ihr Experte in den Elbvororten&#8220; font_container=&#8220;tag:h2|text_align:center&#8220; use_theme_fonts=&#8220;yes&#8220; css=&#8220;.vc_custom_1666638072494{margin-right: 20px !important;margin-left: 20px !important;padding-top: 20px !important;padding-bottom: 20px !important;}&#8220;][\/vc_column][\/vc_row][vc_row type=&#8220;full-width&#8220; css=&#8220;.vc_custom_1432038815881{background-color: #f5f5f5 !important;}&#8220; el_class=&#8220;page-padding-top-section&#8220;][vc_column][vc_row_inner][vc_column_inner]<h2 class=\"box-header\">Unsere Dienstleistungen<\/h2>[vc_column_text el_class=&#8220;description align-center&#8220;]Mit \u00fcber 66 Jahren Erfahrung im Handwerk k\u00f6nnen Sie uns auch Ihre gr\u00f6\u00dfte Baustelle anvertrauen. Wir bieten sowohl Firmen als auch Privatpersonen, von&nbsp;Kernsanierung des Hauses der Heizung und aller B\u00e4der bis hin zu&nbsp;Eindeckung&nbsp;von D\u00e4chern, ein&nbsp;Rundum-Sorglos-Paket an.[\/vc_column_text]<ul class=\"services-list clearfix page-margin-top\"><div class=\"vc_row wpb_row vc_row-fluid\"><li><a href=\"https:\/\/webserver.corepixel.de\/wrage\/services\/bedachung\" title=\"Bedachung\"><img width=\"390\" height=\"260\" src=\"https:\/\/webserver.corepixel.de\/wrage\/wp-content\/uploads\/Jacobi-Z5-altschwarz-01-390x260.jpg\" class=\"attachment-medium-thumb size-medium-thumb wp-post-image\" alt=\"Bedachung\" decoding=\"async\" loading=\"lazy\" title=\"Bedachung\" srcset=\"https:\/\/webserver.corepixel.de\/wrage\/wp-content\/uploads\/Jacobi-Z5-altschwarz-01-390x260.jpg 390w, https:\/\/webserver.corepixel.de\/wrage\/wp-content\/uploads\/Jacobi-Z5-altschwarz-01-750x500.jpg 750w, https:\/\/webserver.corepixel.de\/wrage\/wp-content\/uploads\/Jacobi-Z5-altschwarz-01-570x380.jpg 570w, https:\/\/webserver.corepixel.de\/wrage\/wp-content\/uploads\/Jacobi-Z5-altschwarz-01-480x320.jpg 480w, https:\/\/webserver.corepixel.de\/wrage\/wp-content\/uploads\/Jacobi-Z5-altschwarz-01-270x180.jpg 270w\" sizes=\"(max-width: 390px) 100vw, 390px\" \/><\/a><h4 class=\"box-header\"><a href=\"https:\/\/webserver.corepixel.de\/wrage\/services\/bedachung\" title=\"Bedachung\">Bedachung<\/a><\/h4><p>Ihr Dach sch\u00fctzt Ihr Haus vor \u00e4u\u00dferen Umwelteinfl\u00fcssen und erh\u00e4lt somit dessen Wert. Und dank optimaler D\u00e4mmung Ihres Daches sparen Sie zus\u00e4tzlich noch Energie<\/p>\n<\/li><li><a href=\"https:\/\/webserver.corepixel.de\/wrage\/services\/sanitaer\" title=\"Sanit\u00e4r\"><img width=\"390\" height=\"260\" src=\"https:\/\/webserver.corepixel.de\/wrage\/wp-content\/uploads\/Anthrazit-Sanitaer-Fliesen-Bad-390x260.jpg\" class=\"attachment-medium-thumb size-medium-thumb wp-post-image\" alt=\"Sanit\u00e4r\" decoding=\"async\" loading=\"lazy\" title=\"Sanit\u00e4r\" srcset=\"https:\/\/webserver.corepixel.de\/wrage\/wp-content\/uploads\/Anthrazit-Sanitaer-Fliesen-Bad-390x260.jpg 390w, https:\/\/webserver.corepixel.de\/wrage\/wp-content\/uploads\/Anthrazit-Sanitaer-Fliesen-Bad-750x500.jpg 750w, https:\/\/webserver.corepixel.de\/wrage\/wp-content\/uploads\/Anthrazit-Sanitaer-Fliesen-Bad-570x380.jpg 570w, https:\/\/webserver.corepixel.de\/wrage\/wp-content\/uploads\/Anthrazit-Sanitaer-Fliesen-Bad-480x320.jpg 480w, https:\/\/webserver.corepixel.de\/wrage\/wp-content\/uploads\/Anthrazit-Sanitaer-Fliesen-Bad-270x180.jpg 270w\" sizes=\"(max-width: 390px) 100vw, 390px\" \/><\/a><h4 class=\"box-header\"><a href=\"https:\/\/webserver.corepixel.de\/wrage\/services\/sanitaer\" title=\"Sanit\u00e4r\">Sanit\u00e4r<\/a><\/h4><p>Umweltfreundliche L\u00f6sungen sind uns wichtig. Sei es bei der Planung, Renovierung oder dem Neubau von Badezimmern, dem Grundst\u00fccksanschlu\u00df oder Rohrleitungen im Innen- und Au\u00dfenbereich<\/p>\n<\/li><li><a href=\"https:\/\/webserver.corepixel.de\/wrage\/services\/heizung\" title=\"Heizung\"><img width=\"390\" height=\"260\" src=\"https:\/\/webserver.corepixel.de\/wrage\/wp-content\/uploads\/Junkers-Heizungsanlage-390x260.jpg\" class=\"attachment-medium-thumb size-medium-thumb wp-post-image\" alt=\"Heizung\" decoding=\"async\" loading=\"lazy\" title=\"Heizung\" srcset=\"https:\/\/webserver.corepixel.de\/wrage\/wp-content\/uploads\/Junkers-Heizungsanlage-390x260.jpg 390w, https:\/\/webserver.corepixel.de\/wrage\/wp-content\/uploads\/Junkers-Heizungsanlage-750x500.jpg 750w, https:\/\/webserver.corepixel.de\/wrage\/wp-content\/uploads\/Junkers-Heizungsanlage-570x380.jpg 570w, https:\/\/webserver.corepixel.de\/wrage\/wp-content\/uploads\/Junkers-Heizungsanlage-480x320.jpg 480w, https:\/\/webserver.corepixel.de\/wrage\/wp-content\/uploads\/Junkers-Heizungsanlage-270x180.jpg 270w\" sizes=\"(max-width: 390px) 100vw, 390px\" \/><\/a><h4 class=\"box-header\"><a href=\"https:\/\/webserver.corepixel.de\/wrage\/services\/heizung\" title=\"Heizung\">Heizung<\/a><\/h4><p>Wir stellen Ihnen moderne Heizungsanlagen vor und beraten Sie, damit Sie zuk\u00fcnftig deren wirtschaftliche, umwelttechnische und energetische Vorteile nutzen k\u00f6nnen<\/p>\n<\/li><\/div><\/ul>[\/vc_column_inner][\/vc_row_inner][\/vc_column][\/vc_row][vc_row top_margin=&#8220;page-margin-top-section&#8220;][vc_column]<h2 class=\"box-header\">PROJEKTE<\/h2>[vc_column_text el_class=&#8220;description align-center&#8220;]Hier gibt es einen Auszug aus unseren Projekten.[\/vc_column_text]<ul class=\"projects-list clearfix page-margin-top\"><li>\r\n\t\t\t<a href=\"https:\/\/webserver.corepixel.de\/wrage\/projects\/kernsanierung-haus-1930\" title=\"Kernsanierung Haus 1930\">\r\n\t\t\t\t<img width=\"480\" height=\"320\" src=\"https:\/\/webserver.corepixel.de\/wrage\/wp-content\/uploads\/IMG_2145-480x320.png\" class=\"attachment-big-thumb size-big-thumb wp-post-image\" alt=\"Kernsanierung Haus 1930\" decoding=\"async\" loading=\"lazy\" title=\"Kernsanierung Haus 1930\" srcset=\"https:\/\/webserver.corepixel.de\/wrage\/wp-content\/uploads\/IMG_2145-480x320.png 480w, https:\/\/webserver.corepixel.de\/wrage\/wp-content\/uploads\/IMG_2145-750x500.png 750w, https:\/\/webserver.corepixel.de\/wrage\/wp-content\/uploads\/IMG_2145-570x380.png 570w, https:\/\/webserver.corepixel.de\/wrage\/wp-content\/uploads\/IMG_2145-390x260.png 390w, https:\/\/webserver.corepixel.de\/wrage\/wp-content\/uploads\/IMG_2145-270x180.png 270w\" sizes=\"(max-width: 480px) 100vw, 480px\" \/>\r\n\t\t\t<\/a><div class=\"view align-center\">\r\n\t\t\t\t\t<div class=\"vertical-align-table\">\r\n\t\t\t\t\t\t<div class=\"vertical-align-cell\"><p class=\"description\">Kernsanierung Haus 1930<\/p><a class=\"more simple\" href=\"https:\/\/webserver.corepixel.de\/wrage\/projects\/kernsanierung-haus-1930\" title=\"Unsere Projektbeispiele\">Unsere Projektbeispiele<\/a><\/div>\r\n\t\t\t\t\t<\/div>\r\n\t\t\t\t<\/div><li>\r\n\t\t\t<a href=\"https:\/\/webserver.corepixel.de\/wrage\/projects\/neues-dach-fuer-stadtvilla\" title=\"Neues Dach f\u00fcr Stadtvilla\">\r\n\t\t\t\t<img width=\"480\" height=\"320\" src=\"https:\/\/webserver.corepixel.de\/wrage\/wp-content\/uploads\/Jacobi-Z5-altschwarz-01-480x320.jpg\" class=\"attachment-big-thumb size-big-thumb wp-post-image\" alt=\"Neues Dach f\u00fcr Stadtvilla\" decoding=\"async\" loading=\"lazy\" title=\"Bedachung\" srcset=\"https:\/\/webserver.corepixel.de\/wrage\/wp-content\/uploads\/Jacobi-Z5-altschwarz-01-480x320.jpg 480w, https:\/\/webserver.corepixel.de\/wrage\/wp-content\/uploads\/Jacobi-Z5-altschwarz-01-750x500.jpg 750w, https:\/\/webserver.corepixel.de\/wrage\/wp-content\/uploads\/Jacobi-Z5-altschwarz-01-570x380.jpg 570w, https:\/\/webserver.corepixel.de\/wrage\/wp-content\/uploads\/Jacobi-Z5-altschwarz-01-390x260.jpg 390w, https:\/\/webserver.corepixel.de\/wrage\/wp-content\/uploads\/Jacobi-Z5-altschwarz-01-270x180.jpg 270w\" sizes=\"(max-width: 480px) 100vw, 480px\" \/>\r\n\t\t\t<\/a><div class=\"view align-center\">\r\n\t\t\t\t\t<div class=\"vertical-align-table\">\r\n\t\t\t\t\t\t<div class=\"vertical-align-cell\"><p class=\"description\">Neues Dach f\u00fcr Stadtvilla<\/p><a class=\"more simple\" href=\"https:\/\/webserver.corepixel.de\/wrage\/projects\/neues-dach-fuer-stadtvilla\" title=\"Unsere Projektbeispiele\">Unsere Projektbeispiele<\/a><\/div>\r\n\t\t\t\t\t<\/div>\r\n\t\t\t\t<\/div><\/ul>[vc_empty_space][\/vc_column][\/vc_row][vc_row type=&#8220;full-width&#8220;][vc_column css=&#8220;.vc_custom_1454780319979{background-color: #efefef !important;}&#8220;][\/vc_column][\/vc_row][vc_row top_margin=&#8220;page-margin-top-section&#8220;][vc_column]<h2 class=\"box-header\">Werte, f\u00fcr die wir stehen<\/h2>[vc_column_text el_class=&#8220;description align-center&#8220;]Die Firma Wrage wurde 1949 von Herrmann Wrage gegr\u00fcndet und ist bis heute ein Familienbetrieb im Hamburger Westen in Rissen, mittlerweile in 3. Generation.<\/p>\n<p>[\/vc_column_text][\/vc_column][\/vc_row][vc_row top_margin=&#8220;page-margin-top&#8220; el_class=&#8220;padding-bottom-66&#8243;][vc_column width=&#8220;1\/3&#8243;]<div class=\"feature-item sl-large-helmet feature-item-big\"><div class=\"ornament\"><\/div><h4 class=\"box-header page-margin-top\">\u00dcBER 66 JAHRE ERFAHRUNG<\/h4><p>In 3. Generation k\u00fcmmern wir uns noch heute um die Belange unserer Kunden in den Elbvororten.<\/p><\/div>[\/vc_column][vc_column width=&#8220;1\/3&#8243;]<div class=\"feature-item sl-large-roller feature-item-big\"><div class=\"ornament\"><\/div><h4 class=\"box-header page-margin-top\">BESTE MATERIALIEN<\/h4><p>Wir bauen nur die Materialen ein, die wir selber auch bei uns einbauen w\u00fcrden.<\/p><\/div>[\/vc_column][vc_column width=&#8220;1\/3&#8243;]<div class=\"feature-item sl-large-bubble feature-item-big\"><div class=\"ornament\"><\/div><h4 class=\"box-header page-margin-top\">IDEE<\/h4><p>Wir bringen durch die Erfahrung unsere Ideen bei Wunsch auch gerne mit ein. Sie k\u00f6nnen mit uns planen oder uns einfach Ihre W\u00fcnsche zukommen lassen &#8211; Wir finden gemeinsam eine L\u00f6sung, ganz sicher<\/p><\/div>[\/vc_column][\/vc_row][vc_row type=&#8220;full-width re-parallax&#8220; css=&#8220;.vc_custom_1467318800658{background-image: url(https:\/\/webserver.corepixel.de\/wrage\/wp-content\/uploads\/Mitarbeiter-Velux-Einbau-Schulung-Vorbereitung-02.jpg?id=1068) !important;}&#8220; el_class=&#8220;padding-top-70 padding-bottom-66&#8243;][vc_column][vc_row_inner][vc_column_inner]<div class=\"testimonials-container type-big\"><a href=\"#\" class=\"slider-control left template-arrow-left-1\"><\/a><ul class=\"testimonials-list autoplay-0 pause_on_hover-1 scroll-1 effect-scroll easing-easeInOutQuint duration-500\"><li class=\"sl-small-conversation\">\r\n\t\t\t\t\t<div class=\"ornament\"><\/div>\r\n\t\t\t\t\t<p>\"Firma Wrage hat uns fantastisch beraten und einen gro\u00dfen Anteil an unserem Traumprojekt, der Kernsanierung eines Hauses von 1930. Dabei wurden das Dach komplett neu eingedeckt, sowie eine rundum neue Heizung montiert und 2 neue B\u00e4der von Grund auf geplant und umgesetzt. Wir m\u00f6chten uns herzlich Bedanken und freuen uns auf weitere Projekte in der Zukunft. \"<\/p>\r\n\t\t\t\t\t\r\n\t\t\t\t\t<div class=\"author-details-box\">\r\n\t\t\t\t\t<div class=\"author\">Tom Adebahr<\/div>\r\n\t\t\t\t\t<div class=\"author-details\">aus Hamburg-Rissen<\/div>\r\n\t\t\t\t\t<\/div>\r\n\t\t\t\t<\/li><\/ul><a href=\"#\" class=\"slider-control right template-arrow-left-1\"><\/a><\/div>[\/vc_column_inner][\/vc_row_inner][\/vc_column][\/vc_row][vc_row type=&#8220;full-width&#8220; css=&#8220;.vc_custom_1432039625471{background-color: #f5f5f5 !important;}&#8220; el_class=&#8220;page-padding-top-section padding-bottom-66&#8243;][vc_column]<h2 class=\"box-header\">Auf diese Partner setzen wir<\/h2>[vc_row_inner][vc_column_inner]<div class=\"our-clients-list-container page-margin-top type-carousel\">\r\n\t\t\t\t\t<ul class=\"our-clients-list autoplay-0 type-carousel\"><li><img width=\"170\" height=\"80\" src=\"https:\/\/webserver.corepixel.de\/wrage\/wp-content\/uploads\/Kaldewei.png\" class=\"attachment-full size-full\" alt=\"Neues Dach f\u00fcr Stadtvilla\" decoding=\"async\" loading=\"lazy\" title=\"Neues Dach f\u00fcr Stadtvilla\" \/><\/li><li><img width=\"170\" height=\"80\" src=\"https:\/\/webserver.corepixel.de\/wrage\/wp-content\/uploads\/Jacobi.png\" class=\"attachment-full size-full\" alt=\"Neues Dach f\u00fcr Stadtvilla\" decoding=\"async\" loading=\"lazy\" title=\"Neues Dach f\u00fcr Stadtvilla\" \/><\/li><li><img width=\"170\" height=\"80\" src=\"https:\/\/webserver.corepixel.de\/wrage\/wp-content\/uploads\/Junkers.png\" class=\"attachment-full size-full\" alt=\"Neues Dach f\u00fcr Stadtvilla\" decoding=\"async\" loading=\"lazy\" title=\"Neues Dach f\u00fcr Stadtvilla\" \/><\/li><li><img width=\"170\" height=\"80\" src=\"https:\/\/webserver.corepixel.de\/wrage\/wp-content\/uploads\/Hansgrohe.png\" class=\"attachment-full size-full\" alt=\"Neues Dach f\u00fcr Stadtvilla\" decoding=\"async\" loading=\"lazy\" title=\"Neues Dach f\u00fcr Stadtvilla\" \/><\/li><li><img width=\"170\" height=\"80\" src=\"https:\/\/webserver.corepixel.de\/wrage\/wp-content\/uploads\/Geberit.png\" class=\"attachment-full size-full\" alt=\"Neues Dach f\u00fcr Stadtvilla\" decoding=\"async\" loading=\"lazy\" title=\"Neues Dach f\u00fcr Stadtvilla\" \/><\/li><li><img width=\"170\" height=\"80\" src=\"https:\/\/webserver.corepixel.de\/wrage\/wp-content\/uploads\/Pavatex.png\" class=\"attachment-full size-full\" alt=\"Neues Dach f\u00fcr Stadtvilla\" decoding=\"async\" loading=\"lazy\" title=\"Neues Dach f\u00fcr Stadtvilla\" \/><\/li><li><img width=\"170\" height=\"80\" src=\"https:\/\/webserver.corepixel.de\/wrage\/wp-content\/uploads\/Oventrop.png\" class=\"attachment-full size-full\" alt=\"Neues Dach f\u00fcr Stadtvilla\" decoding=\"async\" loading=\"lazy\" title=\"Neues Dach f\u00fcr Stadtvilla\" \/><\/li><\/ul><div class=\"re-carousel-pagination\"><\/div><\/div>[\/vc_column_inner][\/vc_row_inner][\/vc_column][\/vc_row][vc_row top_margin=&#8220;page-margin-top&#8220;][vc_column width=&#8220;1\/3&#8243;]<h5 class=\"box-header page-margin-top\">Adresse<\/h5>[vc_column_text]T. &amp; H. Wrage Sanit\u00e4rtechnik GmbH<br \/>\nAchter de H\u00f6f 4a<br \/>\n22559 Hamburg[\/vc_column_text][vc_wp_text][\/vc_wp_text][\/vc_column][vc_column width=&#8220;1\/3&#8243;]<h5 class=\"box-header page-margin-top\">Kontakt<\/h5>[vc_column_text]<a href=\"tel:004949812167\">040 812167<\/a><br \/>\n<a href=\"https:\/\/web.archive.org\/web\/20220527222934\/mailto:info@wrage-gmbh.de\">info@wrage-gmbh.de<\/a><br \/>\n<a href=\"https:\/\/web.archive.org\/web\/20220527222934\/httpss:\/\/www.facebook.com\/Wrage-Gmbh-Sanit%C3%A4r-Heizung-Bedachung-1720585424703682\"><img alt=\"Neues Dach f\u00fcr Stadtvilla\" decoding=\"async\" src=\"https:\/\/web.archive.org\/web\/20220527222934im_\/https:\/\/www.wrage-gmbh.de\/wp-content\/uploads\/Facebook.png\" width=\"35px\" \/><\/a>[\/vc_column_text][\/vc_column][vc_column width=&#8220;1\/3&#8243;]<h5 class=\"box-header page-margin-top\">Weiteres<\/h5><ul class=\"list\"><li class=\"\"><a href=\".\/impressum\">Impressum<\/a><\/li><li class=\"\"><a href=\".\/datenschutz\">Datenschutz<\/a><\/li><li class=\"\"><a href=\".\/impressum\">Kontakt<\/a><\/li><\/p>\n<p><strong>B\u00fcrozeiten<\/strong><\/p>\n<p>Mo-Do 08.00 Uhr &#8211; 17.00 Uhr<br \/>\nFr&nbsp;&nbsp;&nbsp;&nbsp;&nbsp;&nbsp;&nbsp;&nbsp;&nbsp;08.00 Uhr &#8211; 12.30 Uhr<\/ul>[\/vc_column][vc_column][\/vc_column][\/vc_row][vc_row top_margin=&#8220;page-margin-top&#8220; style=&#8220;float: left;&#8220;][vc_column width=&#8220;1\/2&#8243;]<h4 class=\"box-header page-margin-top\">Wir sind Mitglieder in<\/h4>[vc_empty_space][vc_column_text]<\/p>\n<p>Ich bin ein Textblock. Klicken Sie auf den Bearbeiten Button um diesen Text zu \u00e4ndern. Lorem ipsum dolor sit amet, consectetur adipiscing elit. Ut elit tellus, luctus nec ullamcorper mattis, pulvinar dapibus leo.<\/p>\n<p>[\/vc_column_text][\/vc_column][vc_column width=&#8220;1\/2&#8243;][\/vc_column]<h4 class=\"box-header page-margin-top\">Partnerangebot<\/h4>[vc_empty_space][vc_column_text]<\/p>\n<p>Ich bin ein Textblock. Klicken Sie auf den Bearbeiten Button um diesen Text zu \u00e4ndern. Lorem ipsum dolor sit amet, consectetur adipiscing elit. Ut elit tellus, luctus nec ullamcorper mattis, pulvinar dapibus leo.<\/p>\n<p>[\/vc_column_text][\/vc_row]<\/p>","protected":false},"excerpt":{"rendered":"<p>[vc_row type=&#8220;full-width&#8220; css=&#8220;.vc_custom_1458596262155{background-color: #009ee0 !important;}&#8220; el_class=&#8220;home-bg&#8220;][vc_column][vc_column_text el_class=&#8220;home-seit1949&#8243;]Seit 1949[\/vc_column_text][\/vc_column][\/vc_row][vc_row type=&#8220;full-width&#8220;][vc_column css=&#8220;.vc_custom_1454963097821{background-color: #ffffff !important;}&#8220;][\/vc_column][\/vc_row][vc_row type=&#8220;full-width&#8220; css=&#8220;.vc_custom_1454962521761{background-color: #f5f5f5 !important;}&#8220;][vc_column][vc_column_text css=&#8220;.vc_custom_1666638093798{padding-top: -10px !important;padding-bottom: 20px !important;}&#8220; el_class=&#8220;telefon_home&#8220;]Telefon: 040 812167[\/vc_column_text][\/vc_column][\/vc_row][vc_row type=&#8220;full-width&#8220;][vc_column][vc_custom_heading text=&#8220;Ihr Dach-, Heizung- und Sanit\u00e4r-Profi aus Hamburg Rissen in 3. Generation &#8211; Ihr Experte in den Elbvororten&#8220; font_container=&#8220;tag:h2|text_align:center&#8220; use_theme_fonts=&#8220;yes&#8220; css=&#8220;.vc_custom_1666638072494{margin-right: 20px !important;margin-left: 20px !important;padding-top: 20px !important;padding-bottom: 20px !important;}&#8220;][\/vc_column][\/vc_row][vc_row type=&#8220;full-width&#8220; css=&#8220;.vc_custom_1432038815881{background-color:<\/p>\n","protected":false},"author":1,"featured_media":0,"parent":0,"menu_order":0,"comment_status":"open","ping_status":"open","template":"template-default-without-breadcrumbs.php","meta":[],"_links":{"self":[{"href":"https:\/\/webserver.corepixel.de\/wrage\/wp-json\/wp\/v2\/pages\/506"}],"collection":[{"href":"https:\/\/webserver.corepixel.de\/wrage\/wp-json\/wp\/v2\/pages"}],"about":[{"href":"https:\/\/webserver.corepixel.de\/wrage\/wp-json\/wp\/v2\/types\/page"}],"author":[{"embeddable":true,"href":"https:\/\/webserver.corepixel.de\/wrage\/wp-json\/wp\/v2\/users\/1"}],"replies":[{"embeddable":true,"href":"https:\/\/webserver.corepixel.de\/wrage\/wp-json\/wp\/v2\/comments?post=506"}],"version-history":[{"count":10,"href":"https:\/\/webserver.corepixel.de\/wrage\/wp-json\/wp\/v2\/pages\/506\/revisions"}],"predecessor-version":[{"id":1220,"href":"https:\/\/webserver.corepixel.de\/wrage\/wp-json\/wp\/v2\/pages\/506\/revisions\/1220"}],"wp:attachment":[{"href":"https:\/\/webserver.corepixel.de\/wrage\/wp-json\/wp\/v2\/media?parent=506"}],"curies":[{"name":"wp","href":"https:\/\/api.w.org\/{rel}","templated":true}]}}